e
Is 61789 a multiple of 5?
False
Is 49 a factor of 39102?
True
Does 20 divide 110160?
True
Does 3 divide 6895980?
True
Is 47664 a multiple of 4?
True
Is 128 a factor of 110349?
False
Does 17 divide 278444?
False
Does 7 divide 10958241?
True
Does 6 divide 169962?
True
Is 2 a factor of 695154?
True
Is 51 a factor of 77571?
True
Is 96 a factor of 28060128?
True
Does 38 divide 535420?
True
Is 2093933 a multiple of 20?
False
Does 250 divide 7317468?
False
Does 5 divide 621737?
False
Does 10 divide 81530?
True
Is 574110 a multiple of 13?
False
Does 20 divide 317840?
True
Does 201 divide 260134?
False
Is 351684 a multiple of 239?
False
Is 804431 a multiple of 29?
True
Is 126198 a multiple of 342?
True
Is 3 a factor of 48899?
False
Does 23 divide 4464943?
False
Is 40 a factor of 340974?
False
Does 544 divide 592960?
True
Is 1135 a factor of 8017407?
False
Does 6 divide 1818?
True
Is 292 a factor of 2343008?
True
Does 50 divide 86921?
False
Does 467 divide 325032?
True
Is 15976590 a multiple of 70?
True
Does 27 divide 2342450?
False
Does 151 divide 457983?
True
Is 144 a factor of 8719466?
False
Is 129 a factor of 47472?
True
Is 2 a factor of 28356?
True
Is 3846897 a multiple of 1286?
False
Is 12762549 a multiple of 27?
True
Is 357 a factor of 612469?
False
Does 25 divide 584250?
True
Is 35 a factor of 2827930?
True
Does 36 divide 2340073?
False
Is 182666 a multiple of 57?
False
Does 15 divide 562267?
False
Is 14 a factor of 2395511?
False
Is 2866 a multiple of 19?
False
Is 1479027 a multiple of 17?
False
Is 779214 a multiple of 407?
False
Is 88 a factor of 13159432?
True
Is 200 a factor of 2892369?
False
Is 21540 a multiple of 30?
True
Does 7 divide 2828785?
False
Is 98 a factor of 679140?
True
Is 142118 a multiple of 30?
False
Is 1045387 a multiple of 2?
False
Is 6 a factor of 2341062?
True
Is 1980875 a multiple of 65?
True
Is 14 a factor of 512492?
False
Does 161 divide 1226015?
True
Does 221 divide 1288975?
False
Is 82 a factor of 380644?
True
Is 12384542 a multiple of 19?
True
Is 15 a factor of 916785?
True
Is 377 a factor of 341562?
True
Does 99 divide 868329?
True
Does 106 divide 14912292?
True
Does 1160 divide 2637840?
True
Is 7104 a multiple of 64?
True
Is 71358 a multiple of 42?
True
Is 13785 a multiple of 363?
False
Is 108216 a multiple of 167?
True
Is 1144470 a multiple of 5?
True
Is 884770 a multiple of 13?
False
Does 174 divide 4282521?
False
Is 820454 a multiple of 34?
True
Is 433788 a multiple of 74?
True
Is 26 a factor of 18137983?
False
Does 170 divide 4512055?
False
Does 3 divide 11518?
False
Is 104151 a multiple of 144?
False
Is 230868 a multiple of 12?
True
Does 6 divide 125730?
True
Is 7 a factor of 744737?
True
Is 616283 a multiple of 8?
False
Does 11 divide 64305?
False
Does 6 divide 3441204?
True
Is 131 a factor of 2735680?
False
Does 829 divide 91378?
False
Is 229 a factor of 188696?
True
Is 816 a factor of 4682726?
False
Does 43 divide 190232?
True
Is 186 a factor of 15476502?
True
Does 10 divide 5203?
False
Is 147 a factor of 1807953?
True
Does 44 divide 178053?
False
Is 3543035 a multiple of 1763?
False
Is 118 a factor of 983541?
False
Does 230 divide 1629320?
True
Is 544451 a multiple of 234?
False
Is 15805247 a multiple of 368?
False
Does 1441 divide 3067889?
True
Is 729540 a multiple of 126?
True
Is 83 a factor of 4834252?
True
Does 18 divide 189061?
False
Is 790598 a multiple of 124?
False
Is 20 a factor of 1908100?
True
Is 86339 a multiple of 47?
True
Is 1992672 a multiple of 222?
True
Is 478 a factor of 173514?
True
Does 43 divide 340087?
True
Does 573 divide 1539078?
True
Is 308714 a multiple of 16?
False
Does 11 divide 3850250?
False
Is 397 a factor of 1997494?
False
Is 616440 a multiple of 8?
True
Is 2471817 a multiple of 867?
True
Does 8 divide 4395376?
True
Does 14 divide 1686074?
False
Is 272 a factor of 369920?
True
Is 287710 a multiple of 33?
False
Is 3526008 a multiple of 12?
True
Does 24 divide 453460?
False
Is 7 a factor of 50770?
False
Is 206 a factor of 139151?
False
Is 4642519 a multiple of 721?
True
Is 17 a factor of 8906572?
True
Is 2872440 a multiple of 909?
True
Does 172 divide 468967?
False
Is 7 a factor of 290598?
True
Is 25216 a multiple of 4?
True
Is 15380 a multiple of 20?
True
Is 1854136 a multiple of 6?
False
Is 2007943 a multiple of 82?
False
Is 26 a factor of 4863118?
True
Is 160072 a multiple of 374?
True
Does 9 divide 38457?
True
Is 1196433 a multiple of 4?
False
Is 4 a factor of 299851?
False
Is 83 a factor of 212563?
True
Is 495600 a multiple of 168?
True
Is 2391175 a multiple of 947?
True
Does 220 divide 154007?
False
Is 122151 a multiple of 308?
False
Does 16 divide 25576?
False
Is 199 a factor of 248013?
False
Does 1140 divide 6793292?
False
Is 165560 a multiple of 32?
False
Does 34 divide 2623780?
True
Does 233 divide 277834?
False
Is 657363 a multiple of 23?
True
Does 1337 divide 4627357?
True
Is 10 a factor of 9762?
False
Is 403176 a multiple of 8?
True
Is 5806187 a multiple of 101?
True
Does 4 divide 7968?
True
Is 28 a factor of 100924?
False
Is 836128 a multiple of 16?
True
Is 99 a factor of 400455?
True
Does 511 divide 385054?
False
Does 635 divide 1676400?
True
Does 13 divide 240083?
False
Is 556169 a multiple of 350?
False
Does 4 divide 57068?
True
Is 5 a factor of 77616?
False
Is 25 a factor of 20210?
False
Does 17 divide 87538?
False
Does 10 divide 3826800?
True
Does 1194 divide 23732302?
False
Does 10 divide 1258570?
True
Does 1146 divide 8670345?
False
Is 280847 a multiple of 371?
True
Is 66188 a multiple of 8?
False
Is 9 a factor of 73818?
True
Does 6 divide 3660820?
False
Is 602 a factor of 1200376?
False
Does 32 divide 17824?
True
Is 117250 a multiple of 50?
True
Does 303 divide 2582166?
True
Is 33 a factor of 7775196?
True
Does 336 divide 604464?
True
Is 7851384 a multiple of 1338?
True
Does 15 divide 1054858?
False
Does 52 divide 6292?
True
Is 915883 a multiple of 202?
False
Is 68004 a multiple of 14?
False
Does 4 divide 23439?
False
Does 26 divide 218962?
False
Is 55 a factor of 224565?
True
Does 61 divide 503760?
False
Is 88 a factor of 388168?
True
Does 121 divide 594594?
True
Does 458 divide 5886164?
False
Is 748 a factor of 14745475?
False
Does 17 divide 108120?
True
Does 11 divide 3984992?
True
Does 52 divide 404074?
False
Does 175 divide 1317575?
True
Is 19 a factor of 513532?
True
Is 115 a factor of 360870?
True
Is 223746 a multiple of 267?
True
Does 48 divide 1501608?
False
Is 159 a factor of 4973202?
True
Does 10 divide 20830?
True
Does 48 divide 52848?
True
Does 65 divide 596765?
True
Is 6314550 a multiple of 86?
True
Is 12 a factor of 3760800?
True
Is 174 a factor of 211584?
True
Does 71 divide 181050?
True
Is 2747192 a multiple of 27?
False
Is 166 a factor of 646570?
True
Is 239468 a multiple of 128?
False
Is 854 a factor of 821548?
True
Is 291 a factor of 91989?
False
Does 175 divide 4773284?
False
Does 64 divide 2558804?
False
Does 43 divide 11352?
True
Is 92719 a multiple of 17?
False
Is 22315 a multiple of 8?
False
Is 18435 a multiple of 15?
True
Is 18852496 a multiple of 389?
True
Is 302 a factor of 275726?
True
Does 23 divide 3720687?
True
Is 290 a factor of 8792276?
False
Does 184 divide 205712?
True
Is 19 a factor of 537463?
False
Does 4 divide 403755?
False
Is 19 a factor of 6611772?
True
Does 404 divide 688124?
False
Does 22 divide 114900?
False
Is 1458 a factor of 10830024?
True
Does 15 divide 279570?
True
Is 32770 a multiple of 29?
True
Does 885 divide 4840065?
True
Is 26986 even?
True
Does 58 divide 274988?
False
Is 249387 a multiple of 87?
False
Is 907919 a multiple of 296?
False
Is 16 a factor of 3039520?
True
Does 58 divide 276299?
False
Is 226110 a multiple of 58?
False
Is 75 a factor of 5660507?
False
Does 6 divide 29013?
False
Does 1792 divide 3404078?
False
Is 5 a factor of 1104530?
True
Is 251216 a multiple of 4?
True
Is 24764400 a multiple of 360?
True
Is 4077600 a multiple of 533?
False
Does 51 divide 1587069?
True
Is 3 a factor of 3153?
True
Is 33 a factor of 106161?
True
Is 196 a factor of 2284016?
False
Is 248724 a multiple of 6?
True
Does 7 divide 1141968?
False
Is 3749520 a multiple of 204?
True
Does 3 divide 19548?
True
Is 46 a factor of 2941010?
True
Does 222 divide 10115208?
True
Is 344808 a multiple of 21?
False
Does 2